*b**2 - 10*b - 102. What are the prime factors of k(-8)?
2, 7, 227
What are the prime factors of 9/3 - -7*78?
3, 61
Let k = 480 - -518. List the prime factors of k.
2, 499
Let o(y) = 33*y**3 + y**2 - y. Let l(f) = -f - 13. Let d be l(-14). List the prime factors of o(d).
3, 11
What are the prime factors of 4*306 - 2/(-2)?
5, 7
Let u = 65 + -55. What are the prime factors of ((-152)/u)/(4/(-40))?
2, 19
Suppose 0 = -4*i - 3*a + 14860, -i - 2*i + 11152 = 4*a. List the prime factors of i.
2, 29
Let o = 22 - 12. Suppose 0*a - 2*a = -g - 5, -5*a + g = -5. Let u = a + o. List the prime factors of u.
2, 5
Let c = -104 + 132. Suppose -s = -2*s + 3. List the prime factors of 0 + (c + -1)/s.
3
Let s = 227 + -319. What are the prime factors of 3*(-4 - -5) - s?
5, 19
Let c = -98 + 150. Suppose c = -w - w. Let f = -22 - w. List the prime factors of f.
2
Let i = 4414 + -2248. List the prime factors of i.
2, 3, 19
Suppose 3*g = 4*x + 429, 3*x + 6 = 5*x. What are the prime factors of g?
3, 7
Let r = -1165 + 2919. What are the prime factors of r?
2, 877
Let g(w) = 12*w**2 + 8 + 14*w**2 - 8. Let b(n) = -n**2. Let x be b(-1). List the prime factors of g(x).
2, 13
Suppose -4*i - 104 = -8*i. Suppose -4*l = 3*c - 29, 4*l - 8 - i = -2*c. What are the prime factors of l?
11
Let d(k) = -k**3 - 18*k**2 - 8*k + 3. Let w be d(-18). Let i = -68 + w. List the prime factors of i.
79
Let f(k) = -55*k**2 + k + 1. Let n(c) = 27*c**2 - c - 1. Let w(m) = -4*f(m) - 7*n(m). List the prime factors of w(-2).
11
Suppose -2*l + 11 + 3 = 0. Suppose 0 = -4*a - 2*h + 76, 2*h - l = a - 26. List the prime factors of a.
19
Suppose 2240 = 405*v - 400*v. What are the prime factors of v?
2, 7
Suppose 4 + 8 = 2*z. Suppose 20 = -c + z*c. What are the prime factors of (6/1)/(c/22)?
3, 11
Let r(l) = -9 + 19*l - 34*l + 42 + 18*l. What are the prime factors of r(15)?
2, 3, 13
Let y be 1/3 + (-2)/6. Let o(l) = 2*l**2 + l + 8. Let s be o(-4). Let t = s - y. List the prime factors of t.
2, 3
Let d(y) = y**3 + 11*y**2 + 22*y + 67. List the prime factors of d(-6).
5, 23
Let l = 15 - 8. Suppose 4*h + l = 31. Suppose -6 = -4*y + h. List the prime factors of y.
3
List the prime factors of 12/(-16)*-4 - -2744.
41, 67
Let t = 75 + -48. Suppose -3*j + 37 = w - 5*j, -4*j - t = -w. Suppose -3*r + 69 = 3*n, -w = -3*n + 4*r - 6. What are the prime factors of n?
19
Suppose 5*p = 2*v - 0*p - 1916, 4*p = -4*v + 3888. List the prime factors of v.
2, 11
Let p be (-28)/8 + 3 - 157/2. Let z = 115 + p. List the prime factors of z.
2, 3
Let p(x) = -x + 4. Let d be p(10). Let f = d + 10. Suppose 2*z - 5*j - 45 = 0, -z + 15 = f*j - 5*j. What are the prime factors of z?
2, 5
Let p(k) = -104*k + 110. What are the prime factors of p(-9)?
2, 523
Suppose -17*z + 532 = -10*z. List the prime factors of z.
2, 19
Let h = -694 + 1667. List the prime factors of h.
7, 139
Suppose -16*s + 2061 = -15*s - 4*w, 3*w - 12 = 0. What are the prime factors of s?
31, 67
List the prime factors of -4*1/(-2) - (-1 - 353).
2, 89
Let c = -2079 + 3019. Suppose 0 = -3*v - 2*k + 442, 2*k + c - 332 = 4*v. List the prime factors of v.
2, 3, 5
Suppose -10 = -f + 15. Let g be 65/2*10/f. Suppose -g*h = -11*h - 72. What are the prime factors of h?
2, 3
Let h(w) = -324*w**3 - 2*w**2 - 30*w - 51. What are the prime factors of h(-2)?
2593
Let r be 0 + 15 - (-1 + 3). Suppose -115 = -6*w + w. Let y = w - r. List the prime factors of y.
2, 5
Suppose 3*f - 3*m + 4 = -5*m, 0 = -4*f + 2*m + 18. Suppose -2*x - 52 = f*x. Let b = 23 + x. What are the prime factors of b?
2, 5
Let l(j) = 2*j + 102. What are the prime factors of l(0)?
2, 3, 17
Let d = -350 - -659. What are the prime factors of d?
3, 103
Let q(v) = -v**3 + 8*v**2 - v + 4. Let a be q(8). Let m(u) = -10*u - 5. Let z be m(a). Let d = -10 + z. What are the prime factors of d?
5
Suppose -2*i = -0*i - 20. Let k(z) = -z**2 + 16*z - 22. Let u be k(i). Let v = u + -35. List the prime factors of v.
3
Let i = -1678 - -2356. List the prime factors of i.
2, 3, 113
Let g = 916 - 578. What are the prime factors of g?
2, 13
Let d = -17 + 22. Suppose 0 = d*o + 20, 7 + 333 = 3*k - o. What are the prime factors of k?
2, 7
Suppose -4*c + 10596 = -5*x, -3*x + 14187 = 4*c + 3623. What are the prime factors of c?
2, 661
What are the prime factors of (402/(-9)*3)/(-2)?
67
Let o be (-1)/3 - 3325/(-57). Suppose -s - a - a = -o, 3*a + 287 = 4*s. List the prime factors of s.
2, 17
Let m(u) = 0 + 6*u + 3*u**2 + 0 - 1. What are the prime factors of m(6)?
11, 13
Let j be 30 - ((-72)/42)/(4/(-14)). Let f(g) = 4*g + 7. Let d be f(-5). Let r = j + d. List the prime factors of r.
11
Let c(d) be the third derivative of -d**4/8 - 5*d**3/2 - 9*d**2. What are the prime factors of c(-13)?
2, 3
Suppose -62 = -4*m - 2*n, -m - 4*m - 5*n + 80 = 0. Let o = 52 + -34. List the prime factors of (-75)/(-6)*o/m.
3, 5
Let m be 3*(0 - -1) + -1. Let n be m*-1*(-2 + 3). Let o(l) = -4*l**3 - 2*l**2 - 2*l + 1. List the prime factors of o(n).
29
Suppose 2 = 3*r + 11. List the prime factors of r/(9/(-3))*85.
5, 17
Let m(l) = -7*l + 10. Let c be m(2). What are the prime factors of ((-8)/(-6))/(c/(-318))?
2, 53
Let h be 6/(-9) + (-100)/(-6). Suppose -5*x - 6 + h = 0. Suppose -5 = -r - f + 4*f, x*r = 4*f + 10. What are the prime factors of r?
5
Suppose r - 55 = 4*g, 3*g = g - 4. Let k = 0 - -4. Suppose -l + 39 = -2*y, -l + 0*y + r = -k*y. List the prime factors of l.
31
Suppose -62*v = -61*v - 1241. What are the prime factors of v?
17, 73
Let w = 59 - -1376. What are the prime factors of w?
5, 7, 41
Let b(k) be the first derivative of 6*k**2 - 19*k - 24. What are the prime factors of b(8)?
7, 11
Suppose -j - 45 = -2*j - g, -2*g = 5*j - 216. Let p = 538 + -316. What are the prime factors of p/j - (-4)/(-14)?
5
Let m = -133 + 90. Let p = 116 + m. What are the prime factors of p?
73
Suppose 7*n - 55 = 2*n. Let u(a) = -a**3 + 10*a**2 + 11*a + 4. Let o be u(n). List the prime factors of ((-2)/(-3))/(o/222).
37
Let i(o) = 15*o + 6. What are the prime factors of i(2)?
2, 3
Let m be (-2)/((-2)/(-4 + 6)). Suppose 0 = m*p - 2*t - 7 - 15, 2*p + 2*t - 2 = 0. List the prime factors of p.
2, 3
Let o = -1148 - -1827. List the prime factors of o.
7, 97
Suppose 639 = 19*n - 4054. What are the prime factors of n?
13, 19
Let u(o) = 13*o**2 - 3*o - 3. Let s be -3 + (-3 - -9 - 4). What are the prime factors of u(s)?
13
Let s be (-8)/20 + 82386/(-10). List the prime factors of -4 - s/35 - (-2)/(-5).
3, 7, 11
Suppose -121*f + 282464 = -9*f. What are the prime factors of f?
2, 13, 97
Let q = -28 + 30. List the prime factors of (3 - 3 - -161) + 6/q.
2, 41
Let k be (756/8)/(-9)*(-2)/3. Suppose 165 = k*a - 318. What are the prime factors of a?
3, 23
Suppose 4532 = 7*t + 4*t. List the prime factors of t.
2, 103
Let l = -7 + 11. Suppose 76 = l*b - 204. Suppose i - 2 = -7, -5*v - i = -b. What are the prime factors of v?
3, 5
Let r = 1821 - -1584. List the prime factors of r.
3, 5, 227
Let j = 149 + 411. Let r be (0 - -1)*j/7. Suppose -3*v = 2*v - 5*h - r, 4*v = -h + 49. What are the prime factors of v?
13
Let h be 9/((-1 - 2)/(-3)). Let z be 5 + h/(-3) + -2. Suppose z = -3*g - 2*g + 80. What are the prime factors of g?
2
Let a(q) = 9*q**3 + 20*q**2 + 24*q + 26. Let f(n) = n**3 - 12*n + 0*n**3 - 13 - 10*n**2 - 6*n**3. Let j(z) = -4*a(z) - 7*f(z). List the prime factors of j(-9).
2, 7
Let x(r) = -3*r**2 - 19*r - 5. Let s be x(-6). Let m(n) be the third derivative of 23*n**4/24 - n**3/3 + n**2. List the prime factors of m(s).
3, 7
Suppose -5*v + 36 = -4. Let m be (16/20)/(v/(-140)). List the prime factors of (-22)/77 + (-830)/m.
59
Let d be 5/(-2 + (-183)/(-90)). Suppose -3*j = -30 - d. Suppose a = -4*f + 94, -5*f + j + 47 = -4*a. List the prime factors of f.
23
Let v(d) = 7*d**2 - 3*d - 9. Let p be v(5). Let b = p + -57. What are the prime factors of b?
2, 47
Let j(y) = 2198*y + 50. What are the prime factors of j(2)?
2, 3, 13, 19
Let u = -126 + 90. Let z = 16 + u. What are the prime factors of (32/z)/((-3)/15)?
2
Suppose 35 = -3*u - 19. Let h = -18 - u. Suppose -m + 17 = -p - h*p, 31 = 3*m + p. List the prime factors of m.
2, 3
Let n be (-20)/(-3)*225/10. Suppose -6*g + g = n. What are the prime factors of 94/10 + g/(-50)?
2, 5
Suppose -127 = -4*g - 3*o, -4*g + 0*o + o + 123 = 0. Suppose g = -3*